ue
Let i = 19241 - 4392. Is i a composite number?
True
Let s(y) = -y**2 - 3*y - 1. Let d be s(-3). Is (d/(-3))/((-3)/(-477)) a composite number?
False
Let g(l) be the first derivative of l**2/2 + 2*l + 2. Let s be g(-3). Is -1 + -2 + 205 - s a composite number?
True
Suppose -730 = -3*l + 101. Suppose 3*k = -6*r + 2*r + 58, 0 = 3*k - r - 38. Let s = l + k. Is s prime?
False
Let n be (-1)/2 + (-634)/(-4). Suppose 0 = r + r + n. Let i = r - -198. Is i prime?
False
Suppose 0 = -8*h + 4682 + 14910. Is h a composite number?
True
Let l(q) = -q + 13. Let n be l(-4). Suppose -3*t = -2*r + n, 20 = -5*r - 7*t + 2*t. Is (-408)/(-17) - r*-2 a prime number?
False
Suppose -6 = 2*k + 2*m - 0, -3*k - 5*m = 15. Is (-4 - (k - 210)) + (-2 - 1) composite?
True
Let c be (-10)/(-35) - (-1475)/7. Suppose 0 = -5*s + 25. Suppose c = s*o + l - 0*l, 16 = -4*l. Is o prime?
True
Let l(k) = -2*k**3 - 5*k**2 + 7*k + 5. Let r(m) = -m**3 + 4*m**2 + 6*m - 12. Let g be r(5). Is l(g) composite?
False
Let f(n) = 8*n**2 - 30*n + 5. Let o be f(19). Let h = -1169 + o. Is h a composite number?
True
Let g be (-7)/(-21) - (-2)/(-6). Let n = g - 2. Is (-1368)/(-15) - n/(-10) a prime number?
False
Suppose -4 = -m + 6. Suppose -3*i = -5 - m. Is ((-2936)/20)/((-2)/i) a prime number?
True
Let l(w) = -4*w**2 - 4*w + 14583. Is l(0) composite?
True
Suppose 0 = -5*o - i - 0*i + 23, 3 = i. Suppose 0 = -o*c + c + 66. Suppose 0 = 4*v + 4*t - c - 74, -2*t = 5*v - 117. Is v composite?
False
Suppose 30*z - 17*z = 16315. Is z a composite number?
True
Let z = 7816 - 4473. Is z prime?
True
Suppose -2*m = 2*s - 3124, 4*m - 5*s - 2030 - 4209 = 0. Is m composite?
True
Suppose 84 = 73*w - 72*w. Is 32842/8 - 21/w a composite number?
True
Let a(x) = 2006*x + 429. Is a(8) a prime number?
True
Let y be -2395*(-3)/30*-4. Let t = y + 1484. Is t a composite number?
True
Is (3/(3/(-8501)))/(-14 - -13) composite?
False
Let t be (2 + 20/(-12))*12. Suppose -21 = 4*d + a, t*d = 5*d + 3*a + 8. Let f = 94 + d. Is f a composite number?
False
Let o = 771 + -216. Suppose 0 = -0*x - 3*x - 2*n + o, -3*n + 365 = 2*x. Is x prime?
False
Let m be (-4)/(-14) - 12/(-7). Suppose 4*n = 3*h + 2152, 4*n - m*h - 2156 = -0*n. Is n prime?
True
Suppose -j - 367 = -413. Is j a prime number?
False
Let d = -30 - -34. Let f(r) = -4*r - 1 + d*r - 15*r - 4*r. Is f(-2) a prime number?
True
Let r be (-18)/(-8) - (-11)/(-44). Suppose -y = 2*y - 3*z - 102, r*z - 8 = 0. Suppose -d + y = d. Is d a composite number?
False
Let d(b) = 6*b + 1. Let q(z) = -12*z - 3. Let m(f) = -5*d(f) - 2*q(f). Suppose -5*n = 65 - 40. Is m(n) a prime number?
True
Let h = 7931 + 6530. Is h a prime number?
True
Suppose 4*t = 2*t - 4*g + 3302, -1669 = -t + 4*g. Is t prime?
True
Suppose 4*c + 2033 = 3*h, -3*c + 6*h - 2*h = 1530. Let l = c + 2287. Is l a prime number?
False
Suppose 6*q - q = -120. Let o be 129/(-2)*q/18. Let b = 125 - o. Is b a prime number?
False
Suppose -5 = -2*h - x, 40 = 5*h - 3*x - 0*x. Suppose 0*z = -h*z - v + 18, 5*v - 24 = -3*z. Suppose -z*q + 1765 = -0*o + o, -4 = -o. Is q prime?
True
Let r(j) = j**3 - 1. Suppose 3*p - 5 = -2. Let m(d) = -4*d**3 - d**2 + 4*d - 5. Let x(s) = p*m(s) - 4*r(s). Is x(-4) a composite number?
False
Is 1 + (-163676)/(-10) + (-212)/(-530) a prime number?
True
Let q = -16969 + 53346. Is q composite?
True
Let h(q) = 55*q**2 + 11*q + 16. Is h(-2) a prime number?
False
Suppose 0 = -f - 5*k, -3*k = -3*f - 6*k + 36. Let i = f + -14. Is (3/3)/(i/59) a composite number?
False
Let m be -38*(-1)/(-1) - 3. Let z = m + 254. Is z a composite number?
True
Suppose 3*j + 4*q - 8775 = 0, 11678 = 4*j - 8*q + 6*q. Is j a prime number?
False
Suppose -5*p + 0*p + 4*u + 3 = 0, 4*p = 3*u + 3. Suppose -1068 = -0*b - p*b. Let n = b + -211. Is n composite?
True
Let w(d) = 35*d**2 + 220*d - 11. Is w(-30) composite?
False
Suppose -3*x + q = -3017, 6*x - x + 4*q = 5017. Let j = x + -1594. Let w = 828 + j. Is w a composite number?
False
Let c(p) = 5*p + p**3 + 117 + 4*p**3 - 106 + 3*p**2. Is c(6) a prime number?
True
Let k = -10 - -12. Let a(b) = -k - 2*b + 8 - 3 + 58*b**2 - 6. Is a(-2) prime?
True
Is (1 + (-8)/16)/((-2)/(-36116)) prime?
True
Suppose 259 = l + l + 3*q, -4 = -4*q. Suppose 2*u - 7*u = -3*p + l, 0 = -3*p - 4*u + 92. Is (5 - p)/(2 - 3) prime?
True
Suppose -d + 0*o + 20 = 3*o, o - 20 = -3*d. Suppose -d*h - 3147 = -5*q - h, -2*h = -4. Is q composite?
False
Let r(t) = t**3 + 19*t**2 + 3*t - 7. Let j be r(-19). Let b = j - -191. Is b composite?
False
Let y(z) = 28*z - 32. Let g(a) = -14*a + 15. Let n(w) = -7*g(w) - 3*y(w). Let o = 0 + 7. Is n(o) composite?
False
Let k(w) = 5*w**2 - 17*w + 67. Is k(-20) a composite number?
True
Let x(d) = 4039*d**3 - 2*d**2 - 5*d + 5. Is x(1) composite?
True
Let t(r) = -r**3 + 4*r**2 + r - 2. Let y be t(4). Suppose -y*c = 2*w - 8, -w + 8 = 2*w + c. Suppose s + x = 81, 70 + 349 = 5*s - w*x. Is s a prime number?
True
Let n(r) = -r + 13. Let y be n(10). Let j(p) = y*p - p**2 + 4 + 2*p + 1 - p + 9*p**3. Is j(4) a composite number?
True
Let q(w) = 267*w**2 + 239*w - 23. Is q(26) prime?
False
Suppose 0*g - g = -2. Suppose -5*m + 6*a + 707 = 2*a, -266 = -g*m - 4*a. Is m composite?
False
Let i = 9 + -11. Let s(x) = -26*x + 7. Is s(i) a prime number?
True
Suppose -a - 2*a = 12. Suppose 29*f - 15 = 26*f. Is (200*f)/4 - a a prime number?
False
Suppose -8*p + l - 3*l + 131286 = 0, -2*p = -4*l - 32826. Is p composite?
False
Let r be ((-4336)/2)/(-37 + 35). Let h = -727 - -2260. Let x = h - r. Is x prime?
True
Let r = 6 + 0. Let c = -7 + r. Let l(n) = -132*n**3 + 2*n**2 - 1. Is l(c) composite?
True
Let p(a) = 233*a - 208. Is p(33) a composite number?
False
Is ((-8)/(-32)*-862)/(4/(-472)) a prime number?
False
Suppose 9*x - 5143 = 3128. Is x composite?
False
Let n(m) = -m**3 - 30*m**2 + 11*m + 18. Is n(-32) a prime number?
False
Suppose 5*j - 1869 = 2*j. Suppose -a - 466 = -4*a + l, 4*a = l + j. Is a composite?
False
Suppose -14*d + 5104 + 11094 = 0. Is d composite?
True
Suppose 17*n - 18*n + 10 = 0. Suppose s + n*s = 5731. Is s prime?
True
Let f(w) = -5*w**3 - 8*w**2 - 10*w - 32. Is f(-13) prime?
False
Let w(u) = 2*u**2 - 6*u + 8. Let l be w(2). Suppose l*y - 8326 = 2550. Is y a composite number?
False
Suppose -5*x + 300 + 730 = 0. Let w = 315 + x. Is w composite?
False
Let k be -2 + 5 - (-54)/2. Let s be 12/k - 3/(-5). Is s/(4*(-2)/(-6152)) composite?
False
Let o = -16 + 25. Suppose 12 = q + 3*q - 3*a, -3*q - 2*a = -o. Suppose -2215 = -5*x - 4*y, 0*y - 443 = -x - q*y. Is x prime?
True
Let g be 7/28 + (-7)/(-4). Let w be (-1 + g)*(-3 - -3). Is (w + 2)*434/4 prime?
False
Let i be (7/14)/(2/16). Is (4369/34)/(2/i) prime?
True
Suppose -15 = -5*n, -3*n + 687 = -4*s - 2*n. Let f = s + 250. Is f composite?
False
Let h = -3976 + 32985. Is h composite?
False
Suppose 4*d - 31 = 5*l - 2*l, 3*d - 5*l = 37. Suppose 0 = -3*a - 2*r - 2, -2*a - 4*r = -3*r. Suppose 2*i - 4*i - a*o = -1834, -d*o = -i + 897. Is i prime?
False
Let a(q) = -q**3 + 14*q**2 + 19*q + 4. Let d be a(15). Let x be d/40 - 4/(-10). Suppose -57 = r + x*u - 436, 5*u = -3*r + 1137. Is r prime?
True
Suppose 4*j - 22 - 2 = 0. Let x(o) = 2*o**2 - 3*o + 1. Is x(j) a prime number?
False
Suppose -147*m = -161*m + 92974. Is m composite?
True
Let m = 3018 + -24. Suppose m + 209 = p. Is p prime?
True
Let g be (6/(-9))/(4/276). Let a = g + 16. Let v = a + 149. Is v a composite number?
True
Let x = 7664 - 4173. Is x prime?
True
Let m be 190/(-12) + (-22)/132. Let g be m/(-72) + 232/9. Let v = 79 - g. Is v a prime number?
True
Suppose -3*y - 4*q - 24 = -4*y, -142 = -5*y - 2*q. Let b be (-4)/(-14) + (-8)/y. Suppose -m = -5*i - 0*m + 5617, 2*m + 4 = b. Is i a prime number?
True
Suppose 33*u = -18*u + 3534963. Is u a composite number?
False
Suppose -36948 = -4*j + 4*o, j - 13*o - 9235 = -11*o. Is j prime?
True
Let k(j) = j**2 + 2*j - 6. Let v be k(-4). Suppose 0 = v*m - 1044 + 106. Is m a composite number?
True
Let h = -113389 + 161898. Is h prime?
False
Let l be (1485/(-6) - (1 - 0))*4. Let o = -577 - l. Is o prime?
False
Let x(f) = 2328*f + 13. Is x(3) composite?
False
Suppose 6*n = -4*i + 4*n + 19782, 3*n + 9871 = 2*i. Is i prime?
True
Let i(t) be the second derivative of -17*t**5/20 - t**4/12 + t**3/6 + 3*t**2/2 - 10*t. Let r be i(-4). Suppose -5*o + 848 = -o - w, -5*o = -4*w - r. Is